+ 12*b - 543, 0 = 3*y + 5*b - 421. Calculate the greatest common divisor of y and 66.
66
Suppose 21*i - 78 = -5*p + 23*i, -3*p - i + 49 = 0. Let b(n) = n**2 + 5*n + 2. Let t be b(-5). Calculate the greatest common factor of t and p.
2
Let o(w) = -w**2 + 10*w - 4. Suppose 8*g - 3*g - 30 = 0. Let i be o(g). What is the greatest common factor of 80 and i?
20
Suppose 3*k - 66 = 528. Suppose -40 = -2*p + 2*o, 3*o = -5*p - 33 + 149. Calculate the highest common factor of p and k.
22
Suppose 736 = 4*z - 5*d, 0 = 3*z + 3*d - 72 - 507. What is the highest common factor of z and 243?
27
Let s = -49 + 29. Let c be ((-2)/15*3)/(4/s). Calculate the highest common divisor of c and 4.
2
Suppose -5*v = q - 1044, 3*v + 2*q - 306 = 319. Calculate the greatest common factor of v and 11.
11
Suppose 4*q - 3*p = -3 + 2, -2*p + 3 = -5*q. Let x be (-4)/q - (-15 + 6). What is the greatest common divisor of 117 and x?
13
Let p be (1 - 0) + (-20)/(-2). Suppose -4*n + p*n - 308 = 0. What is the highest common divisor of 4 and n?
4
Suppose z + z + 45 = 3*u, -u + 2*z = -19. Let i = -7 + u. Let m be (2 - 4)*(-6)/4. Calculate the highest common factor of m and i.
3
Suppose -2*y + 15 = 3*y. Suppose -3 = -x - 5*q, -2*x + 6*x = 5*q + 12. Suppose -75 = -2*r - x*r. Calculate the greatest common divisor of r and y.
3
Let l = -116 + 220. Let b = -55 + l. Let h = b + -23. Calculate the highest common divisor of 104 and h.
26
Let h(t) = 11*t**2 - 2*t - 1. Let l be h(-2). Suppose 43*j - l*j + 480 = 0. What is the highest common divisor of 24 and j?
24
Suppose 8*p = 3*p + 5*d + 1010, 4*p = -4*d + 776. Calculate the greatest common divisor of p and 18.
18
Suppose -2*l - 1091 = -4*y - 3*l, 2*y = -4*l + 542. Calculate the highest common divisor of y and 14.
7
Suppose -3*b - 4*x = -58, -7*x + 9*x = 3*b - 34. Suppose -5*z = -3*z - 4. Let a be z/(-4)*-63*4. What is the highest common factor of b and a?
14
Let i be (14/4)/(11/44). What is the greatest common factor of i and 567?
7
Let c = 303 - 183. Calculate the greatest common divisor of 16 and c.
8
Suppose w + 1 = 0, -4*w = -2*b + 3*b - 15. Suppose -5*q - a + b = -20, 3*a = 3*q - 27. Calculate the highest common factor of q and 8.
8
Let l(f) = -f**3 - 5*f**2 + 123*f + 3. Let i be l(-14). Suppose 0*a + 4*a - 60 = 0. What is the highest common divisor of a and i?
15
Let u = 64 - 46. Suppose 0 = -29*q + 27*q + 108. Calculate the greatest common factor of u and q.
18
Let g(z) = 30*z - 57. Let s be g(4). What is the highest common divisor of s and 441?
63
Let z(q) = -4*q**3 - 2*q**2 + 1. Let r be z(-2). Suppose 3*x - 8*x = -r. Suppose 0*k + x*k = 30. Calculate the greatest common divisor of k and 66.
6
Suppose -2*c + 2*m + 0 = -24, 4*c - 58 = 2*m. Suppose c = 3*r - 28. Let x be r*(4 - (3 - 0)). What is the highest common divisor of x and 165?
15
Let i(f) = f**3 + 14*f**2 + 16*f + 44. Let g be i(-13). What is the greatest common factor of g and 160?
5
Suppose 0 = 7*c + 640 - 2859. Suppose 37 = -4*d + c. Let y be (-17 + 13)*7/(-2). Calculate the greatest common divisor of d and y.
14
Let a(i) = i**3 - 11*i**2 - 6*i - 68. Let c be a(13). What is the greatest common divisor of 108 and c?
12
Suppose 3*i = 9, 4*i + 2345 = 5*k - i. What is the greatest common factor of 8 and k?
8
Let o = 1322 - 651. Calculate the highest common divisor of 61 and o.
61
Let i(d) = -d + 21. Let q be (34/(-4))/((-5)/10). Let k be i(q). Let n be k*(3 + 0 + -2). Calculate the highest common factor of n and 2.
2
Suppose -m + 265 = 3*a, 5*a - m = -0*a + 455. Calculate the highest common divisor of a and 45.
45
Let w(d) = -2*d - 2. Let k be w(-4). Suppose -4*x = -x - k. Suppose 0 = 19*l - 2*l - 34. Calculate the highest common factor of l and x.
2
Let r = -376 - -383. Calculate the highest common factor of 238 and r.
7
Suppose 2*v - 467 - 1429 = 0. What is the greatest common divisor of v and 12?
12
Suppose f - 3*f + 112 = 0. Suppose 36 + 36 = 9*l. What is the greatest common factor of l and f?
8
Let p(l) = -23*l**2 + l. Let v be p(-1). Let d = v + 37. Let c(s) = -s**3 + 6*s**2 - 3*s + 3. Let o be c(5). Calculate the highest common factor of o and d.
13
Suppose 7*z + 14 = 133. What is the highest common divisor of z and 51?
17
Let d = 46 - 45. Suppose -d = -3*f + 5, a - 22 = 3*f. What is the highest common divisor of 28 and a?
28
Let m(i) = i**2 - 16*i + 3. Let z be m(16). Let h be 3*(z - 50/(-6)). Calculate the greatest common factor of 34 and h.
34
Let j(d) = 0*d**2 - 3*d + 2*d**2 - 28 + 46. Let g be j(0). Suppose -3*z + 0 - 39 = -p, 2*p - 76 = 4*z. Calculate the highest common divisor of p and g.
18
Let m be (952/(-16))/(-17)*2. Calculate the highest common factor of m and 595.
7
Let x(l) = -l**3 - 8*l**2 - 4*l - 5. Let w be x(-8). Let i = -8 + w. Suppose -3926 + 1288 - 1751 = -33*r. Calculate the greatest common divisor of i and r.
19
Let v = -41 + 464. What is the highest common divisor of 36 and v?
9
Let g = -51 - -49. Let q be -2*(g + 2 + -2 - 3). Suppose 0 = -2*l - o + 6*o + 85, 2*l = 3*o + 75. Calculate the greatest common divisor of l and q.
10
Suppose -6*a + 53 + 55 = 0. Let r = a + 12. Let p = -8 + 18. What is the greatest common factor of r and p?
10
Let z = 905 + -733. Calculate the greatest common divisor of 43 and z.
43
Suppose -5*l - 5*w = -7*w - 300, -l + 5*w = -60. Suppose -t - 6 = -2*t. Suppose 40 = t*d - 4*d. Calculate the highest common factor of d and l.
20
Suppose 5*q + 2*y = 80, 5*y + 4 - 29 = 0. What is the highest common divisor of 77 and q?
7
Let x = -4 - -20. Suppose -14 = -6*i + x. Let g be (-9)/(0 - 3/15). Calculate the greatest common divisor of i and g.
5
Let w be (-10)/(-2) - (2 - 4). Suppose -407 + 1331 = 132*s. Calculate the greatest common factor of w and s.
7
Let d(a) = a**2 - 7*a + 108. Let g be d(-13). Calculate the greatest common factor of 64 and g.
16
Let x be (-50)/((-1 - -2)/(-2)). Suppose -5*v - l = -x, 0 = 2*v - 0*v - 3*l - 23. Calculate the greatest common factor of v and 38.
19
Let y(w) be the first derivative of w**2 + 14*w + 3. Let s be y(-6). Suppose -5*r - s*a = -34 - 17, -6 = -2*a. What is the greatest common factor of 6 and r?
3
Let r be 30/(-20)*(-14)/3. Calculate the highest common factor of r and 392.
7
Let n be (-8 - (3 - 12)) + -2 + 21. Calculate the greatest common divisor of 40 and n.
20
Suppose -4*t = 3*g - 17 + 228, 363 = -5*g - t. Let o = g + 33. Let q be (-12)/(-36) + o/(-6). What is the greatest common divisor of q and 7?
7
Let n = 9 - -29. Let g = n + -23. What is the greatest common factor of g and 6?
3
Let k = 87 - 73. Calculate the greatest common divisor of k and 161.
7
Let y = 4 - 4. Let n = y - -18. Let r(d) = d**3 + 7*d**2 + 6*d + 3. Let p be r(-6). What is the highest common factor of n and p?
3
Let a(n) = 2*n**2 - 1. Let q(u) = -u**2 + 3*u - 3. Let d be q(2). Let z be a(d). Calculate the greatest common divisor of 11 and z.
1
Let z(p) = 24*p + 4. Let s be z(-3). Let q = -8 - s. Suppose -24 = y - 3*y + 4*k, 0 = -5*y - 2*k + q. What is the greatest common divisor of y and 4?
4
Let z(r) = r**3 - 8*r**2 + 5*r + 6. Suppose -7*b + 22 + 48 = 0. Let g be z(b). Calculate the greatest common factor of g and 32.
32
Let a be -24*(-4)/12*46. Calculate the greatest common divisor of a and 16.
16
Let y(q) = -2*q**3 - 2*q**2 + q - 2. Let b be y(-3). Let w(k) = 200*k - 5. Let a be w(-2). Let j = a + 746. Calculate the highest common divisor of b and j.
31
Suppose 0 = 3*t + 3*g - 147, -2*t + 5*g + 90 = -1. Let f(i) = 2*i**3 + 12*i**2 - 6*i - 8. Let b be f(-5). What is the greatest common factor of b and t?
24
Let u be (-1)/(2*1/380). Let x be u/20*4/2. Let l be -3 - -1*4 - x. What is the greatest common factor of l and 2?
2
Suppose 4*p - 863 = -291. What is the highest common factor of 390 and p?
13
Let s be 2/5 - 440/(-25). Suppose 2*d - 272 = 9*q - 5*q, 0 = -2*q + 8. Calculate the greatest common factor of s and d.
18
Let x = -121 + 325. Calculate the highest common divisor of 24 and x.
12
Suppose -31*y + 1539 = -4*y. Calculate the greatest common divisor of y and 247.
19
Suppose -11 - 4 = -5*b. Suppose b*v + 36 = -42. Let t = v - -48. Calculate the greatest common factor of t and 154.
22
Let o(p) be the first derivative of p**4/4 - 2*p**3 + 7*p**2/2 - 10*p + 13. Let j be o(7). What is the greatest common diviso